80 = 0. What is the greatest common divisor of r and 182?
26
Suppose 4*p + 5*x = 16 - 1, -4*p + x + 21 = 0. Suppose 2*t - 8 + 4 = 0. What is the greatest common divisor of p and t?
1
Suppose 4*q + 8 = -0*q, 64 = 5*s + 3*q. Let a = 20 - s. Let i be (-132)/(-2) - (-2 + 2). Calculate the highest common factor of i and a.
6
Let k be 5 + (-3)/(-6)*-2. Suppose 2*t + 28 = 3*t. Calculate the highest common divisor of t and k.
4
Let w = 2 - -1. Let k = w - -4. Let j = 23 - k. Calculate the greatest common divisor of j and 8.
8
Let w = -4 + 10. Calculate the greatest common divisor of 9 and w.
3
Suppose 0*q - 40 = -2*x - 2*q, 2*q + 40 = 2*x. What is the greatest common divisor of x and 100?
20
Suppose 2*d + 3 + 3 = -k, 0 = d + 4. Suppose 0*x = 2*x - 10. Suppose k*s - w - 15 = 4*w, -x*w = -3*s + 25. What is the greatest common factor of s and 10?
10
Let a be 93/9 - 2/6. Suppose a = 3*i - 332. Suppose 0 = 4*g - 54 - i. What is the greatest common divisor of 14 and g?
14
Let p(s) = 89*s + 2. Let j be p(2). Let i = -195 + 71. Let m = j + i. Calculate the highest common divisor of 7 and m.
7
Suppose -3*t - u - 32 = 2*t, 2*t - 5*u + 2 = 0. Let q = 26 + t. What is the greatest common factor of q and 50?
10
Let p(j) = -2*j**3 - 3*j**2 + j + 1. Let b be p(-3). Suppose -4*n + b = -f + 2*f, n - 3 = 3*f. What is the greatest common factor of n and 4?
2
Let p = 44 + -17. What is the highest common factor of p and 27?
27
Let q = 1 - -2. Let m(o) = o - 2. Let u be m(7). Suppose 2*c + 6 = u*c. What is the greatest common divisor of q and c?
1
Let z = 15 - 13. Suppose -5*v - 3*y = -46, -z*y + 36 = 4*v - 0*y. Calculate the highest common factor of 32 and v.
8
Let z = 6 + -3. Let p = 83 - 56. What is the greatest common divisor of p and z?
3
Let z be (4/(-2))/(2/8). Let r = 18 + z. What is the greatest common factor of r and 90?
10
Let w = 8 - -72. Suppose 38 = -k + 4*k - 2*c, -5*k = c - 46. What is the highest common factor of k and w?
10
Suppose -2*n - 5*t = -4*n + 103, 0 = 4*n + 5*t - 281. What is the greatest common divisor of 8 and n?
8
Let t = -20 + 40. Suppose -2*s + 10 + 0 = 0, s - 145 = -5*y. Let g = y - -22. What is the greatest common divisor of t and g?
10
Let o be -4*5*(-2)/8. Let b be (8/10)/((-8)/(-60)). Suppose -o*i + 37 = 3*s, -2*i = -5*i + b. What is the greatest common divisor of s and 72?
9
Let p be 3/4 - (-171)/12. Calculate the highest common divisor of 10 and p.
5
Suppose 5*y + 48 = 138. What is the greatest common divisor of 54 and y?
18
Let x = -52 - -58. What is the highest common factor of 15 and x?
3
Let h = 13 - 9. Suppose 4*f + 16 = 4*i, 0 = h*i + 5*f + 3 - 1. Calculate the highest common divisor of i and 2.
2
Let g(r) = r**3 + 1. Let b be g(2). Suppose -b + 3 = -2*n. Calculate the highest common divisor of n and 12.
3
Let c(n) = -3*n**2 + 8*n + 1. Let r(k) = 2*k**2 - 7*k - 1. Let f(h) = 3*c(h) + 4*r(h). Let u be f(-3). What is the highest common factor of u and 2?
2
Let o = 11 - 7. Suppose 0*j + 32 = o*j. What is the highest common factor of 20 and j?
4
Let l be (1/(-2))/((-1)/(-4)). Let c = l + 2. Suppose 5*k + v - 2*v - 50 = c, 0 = 4*v + 20. Calculate the greatest common divisor of 9 and k.
9
Suppose 0 = -5*w + 2*v + 71, 4*w + 3*v = 6*v + 61. Let x be (-3)/(3/(-104)) + 0. Calculate the greatest common factor of w and x.
13
Let u(j) = -34*j - 3. Let m = -7 - -4. Let d be u(m). What is the highest common factor of 11 and d?
11
Let p be 6/2 - ((-3)/(-3) + -17). What is the greatest common factor of 19 and p?
19
Suppose -5*g + 17 = -93. Let q = -86 + 141. Suppose 0 = -5*k + 220 - q. Calculate the greatest common factor of g and k.
11
Let x(n) = -n - 10. Let i be x(-13). Suppose f + i*p + p = 16, -f - 5*p = -15. What is the highest common divisor of 30 and f?
10
Let j be (4/(-8))/(1/(-76)). Let k be 10*(5/2 + -2). Suppose -5*s + 5*y + 413 + 62 = 0, -k*s - 2*y + 475 = 0. What is the highest common factor of j and s?
19
Let p(v) = 44*v + 45*v - 26*v. Let i be p(1). Suppose 24 = 5*g - 11. What is the highest common factor of g and i?
7
Let n(z) = -z**2 - 11*z - 7. Let i be n(-2). Let l be 2/2*-1 + 34. Calculate the highest common factor of i and l.
11
Let i = 13 + -9. Suppose 0 = o - 3*o + i. What is the greatest common divisor of 10 and o?
2
Let t(c) = 6*c - 7. Let w be ((-20)/30)/(2/(-39)). Let x = w - 6. Let q be t(x). Calculate the highest common divisor of q and 5.
5
Let m(j) = -j**3 - 5*j**2 - 11*j - 6. Let u be m(-4). Calculate the greatest common factor of u and 176.
22
Let r(p) = -11*p + 1. Let u be r(5). Let m = u - -34. Let w = 34 - m. What is the highest common divisor of 6 and w?
6
Let l = 45 + -24. Suppose -10*z + 805 + 35 = 0. Calculate the greatest common divisor of l and z.
21
Let n(x) = 30*x**2 + 5*x - 5. Let f be n(1). What is the greatest common divisor of 12 and f?
6
Let z = 183 - 129. Calculate the greatest common factor of 18 and z.
18
Let p = -6 + 6. Let b = p + 43. Suppose 3*g = 2*r + 47 + b, -4*r - 60 = -2*g. What is the greatest common factor of 6 and g?
6
Suppose -8 = -5*c + 77. Suppose -c = 2*o - 45. What is the greatest common divisor of o and 126?
14
Let w(q) = q**3 - 10*q**2 + 6*q + 7. Let v be w(8). Let p = -25 - v. What is the highest common divisor of 12 and p?
12
Suppose 0 = v + 4*v - 315. Calculate the highest common divisor of 9 and v.
9
Suppose -23*o + 200 = -22*o. Calculate the greatest common factor of 25 and o.
25
Suppose -3*n - 12 = -3*v, -4*v + 26 = -5*n + 5. Let q be 118 + v + -3 + 1. Suppose -q - 4 = -r. What is the highest common divisor of r and 17?
17
Let n = -374 + 525. Let f = n + 47. Suppose -30 = -3*r + 24. Calculate the greatest common factor of r and f.
18
Suppose q - 48 = 5*q. Let s = q + 24. Suppose 3*j + 5 = 41. Calculate the highest common factor of s and j.
12
Suppose -2*f + 3*f = 8. Let s(m) = 2*m**2 - m. Let v be s(1). Suppose -5*g + 19 + v = 0. What is the greatest common factor of g and f?
4
Let a be (-3)/(-12) - (-175)/4. Calculate the highest common divisor of 4 and a.
4
Let l = 87 - 80. Calculate the greatest common divisor of 7 and l.
7
Suppose 0 = 4*t + 4*h - 4, -t - 5*h - 31 = -2*t. Let w be (-1 - -2)/((-2)/(-18)). Calculate the highest common divisor of w and t.
3
Let x(w) = -6*w**2 - 2*w + 2. Let d be x(2). Let m = d - -38. What is the greatest common divisor of 12 and m?
12
Let g be 2 + 9/(-3) + 3. Suppose -120 = -0*f - g*f. Calculate the greatest common factor of 12 and f.
12
Let o = 156 + -66. Suppose -12 = -2*m + i, -m + 5*i + 5 = -1. Let x be (-5)/15 + 62/m. What is the highest common factor of x and o?
10
Let o = -67 + 112. Calculate the greatest common factor of o and 18.
9
Let v = -34 + 70. Let t be (4/(16/18))/((-2)/(-4)). Calculate the greatest common divisor of t and v.
9
Let b(x) = -9*x + 3. Let y be b(-1). Let z(u) = 3 - 3 + 18*u. Let p be z(1). Calculate the greatest common factor of p and y.
6
Suppose -2*i - 64 = -2*x, -106 = -3*x + 3*i + 2*i. Suppose u = -2*w + x, 0*w - 3*u = -w - 4. Calculate the highest common factor of w and 77.
11
Suppose 32 = -r - r. Let g be r/(-20)*1*30. Calculate the highest common divisor of g and 216.
24
Let l be 25 + 1/((3 - 2)/(-1)). Calculate the highest common factor of l and 30.
6
Suppose 2*x = -3*n - 211, 4*x - 2*x + 10 = 0. Let c = n - -121. Suppose 5*s + 5 = 50. What is the highest common factor of s and c?
9
Suppose 29 = -3*q + 5*q - h, -3*q + 16 = 4*h. Let u be (-4)/(-18) + 70/9. Calculate the highest common factor of q and u.
4
Let u(c) = -9*c. Let h be u(-4). Let f = -15 - -27. Calculate the highest common factor of f and h.
12
Suppose -v + 4 + 0 = 0. Suppose v*p - 7 - 1 = 0. Calculate the highest common divisor of p and 12.
2
Suppose 5*u - 112 = 38. Suppose -5*i + 3*d + u = 0, -1 = -3*i + 5*d + 1. Suppose -5*f + 114 = -21. Calculate the greatest common divisor of f and i.
9
Suppose 3*d - 116 = -47. Let n(q) = -22*q + 7. Let c be n(-7). What is the greatest common factor of c and d?
23
Suppose 13*v - 42 = 10*v. What is the greatest common factor of 154 and v?
14
Suppose -2*h + w + 23 = 0, 3*h - 13 = -5*w + 28. What is the highest common divisor of 32 and h?
4
Let j(z) = z**2 - z - 3. Let u be j(3). Suppose -u*b = -12, -q + 4*b - 23 = -2*q. What is the greatest common divisor of q and 63?
7
Let d(y) = y - 1. Let h be d